st common divisor of m and 14.
14
Let f = -123 - -501. Calculate the greatest common divisor of f and 14.
14
Let y = -67 + 39. Let h = -20 - y. Suppose h = v + 2. Calculate the greatest common factor of v and 3.
3
Let j(a) = 22*a - 8. Let p be j(3). Suppose -2*i = -0*g - 3*g - 27, -p = -5*i - 2*g. Calculate the highest common factor of i and 84.
12
Let j(n) = n**2 + 5*n + 2. Let u be j(-6). Let c = -34 + 31. Let y be 16/4*(-15)/c. Calculate the greatest common factor of y and u.
4
Let j = -6 - -2. Let l = 6 + j. Suppose -2*a = 3*c - 20, -2*a + 4*a - 20 = l*c. What is the highest common divisor of 40 and a?
10
Suppose j + 4*t + 29 + 5 = 0, -114 = 4*j + 5*t. Let u be 386/26 - j/169. Calculate the greatest common divisor of u and 135.
15
Let m(g) = -g**2 - g + 10. Let q be m(0). Suppose -2*v - q = -40. Suppose -5*t - v = -10*t. What is the greatest common divisor of t and 12?
3
Let d(i) = -41*i - 85. Let z be d(-5). Calculate the highest common divisor of z and 2.
2
Let l(x) = 4*x - 174. Let n be l(48). Calculate the highest common factor of 81 and n.
9
Let q be (133 + 1 - 0)*42/28. Let r = q - 121. Let v(m) = -m**3 + m**2 + m + 10. Let u be v(0). Calculate the highest common factor of u and r.
10
Let v(y) = y**3 + 7*y**2 - 3*y + 15. Let k be v(-7). Calculate the highest common divisor of k and 60.
12
Let g be ((-4)/4)/((-5)/30). Calculate the greatest common factor of g and 48.
6
Suppose 11*c - 6*c - 175 = 0. What is the highest common divisor of c and 25?
5
Suppose 0 = -10*o - 0*o + 50. Suppose 266 - 66 = o*n. Let z(g) = g**2 - 5*g - 4. Let c be z(7). Calculate the highest common factor of n and c.
10
Let h = 109 + -60. What is the greatest common divisor of 7 and h?
7
Let k(c) = -c**2 + c + 8. Let u be k(3). Let i be u*((-6)/(-3) - 20/(-8)). Calculate the greatest common divisor of 81 and i.
9
Let m = -85 + 100. Suppose -l - 3*c + 0*c = 0, 20 = 4*l + 2*c. Calculate the greatest common factor of m and l.
3
Let r = -85 + 120. Let x be r/3 + (-11)/(-33). What is the greatest common factor of 96 and x?
12
Let c(w) = w**2 + 4*w + 36. Let d be c(-18). Suppose -128*i = -125*i - d. What is the highest common factor of 12 and i?
12
Let u be ((-31)/(-93))/(((-2)/90)/(-1)). What is the greatest common divisor of 15 and u?
15
Let w = 236 + -110. Let m = -35 + 35. Suppose -4 = y, 2*y - 6 = -q - m*y. What is the greatest common factor of q and w?
14
Let a(c) = -1 + c**2 + 4*c**2 - c**3 + 4*c + 0*c**2. Let f be a(3). Let h = 42 - f. What is the highest common factor of 143 and h?
13
Let n = 158 + -142. Calculate the highest common divisor of 96 and n.
16
Suppose -r = -0*r - 74. Suppose -r*k = -78*k + 136. Calculate the greatest common divisor of 17 and k.
17
Let w(i) = i**3 + 32*i**2 + 25*i - 100. Let x be w(-31). Calculate the highest common factor of x and 6.
2
Suppose -11*q = -6*q + 60. Let z be (-12)/10*(-160)/q. Let y be 1*(z/(-4) - -17). Calculate the greatest common factor of 7 and y.
7
Let p(x) = 3409*x**3 - x**2 - 18*x + 19. Let g be p(1). What is the greatest common factor of g and 7?
7
Let b = 177 - 45. Let x be (2 + -1)/((-4)/b). Let w = -18 - x. What is the highest common factor of 15 and w?
15
Suppose 15*r - 449 = 361. Calculate the greatest common divisor of r and 36.
18
Let r be (1 - 2)*5 + 3. Let d be (r*2)/((-2)/4). Suppose -7*m = -d*m + 11. What is the highest common factor of m and 1?
1
Suppose 3*f - 10 = -2*f. Suppose 9 = f*x - 19. Let o be 6 + (-225)/54 - 1/(-6). Calculate the highest common divisor of x and o.
2
Let c = 992 - 952. What is the highest common factor of 260 and c?
20
Let r(h) = 2*h + 5. Let d be r(12). Let w be (-2)/(688/348 + -2). Let l be (w + 0)/((-3)/(-6)). Calculate the highest common divisor of d and l.
29
Let x be (-15)/(-2)*((-1280)/(-6))/20. Calculate the highest common factor of 20 and x.
20
Let w be (-3066)/(-114) - (-4)/38. Suppose -5*u + 195 = -4*q, -2*q - 5*u - 56 - 49 = 0. Let o = 131 + q. Calculate the highest common divisor of w and o.
27
Suppose 0 = 2*l + 2*i - 26, 1 = -2*i + 5. Calculate the greatest common divisor of l and 176.
11
Let v = -112 - -45. Let u = -46 - v. What is the greatest common divisor of u and 14?
7
Let c(x) = 18*x**2 - 15*x + 11. Let l be c(-10). What is the greatest common divisor of 74 and l?
37
Let k be (1 - 8/4)*-1. Suppose 0 = -3*b + 4*h - h, -5*b + 4*h = k. Let r = 0 - b. What is the greatest common factor of 4 and r?
1
Let w(k) = -k**2 - 5*k. Let q be w(-6). Let f(n) be the first derivative of -n**2/2 - 2*n + 351. Let d be f(q). What is the highest common factor of 10 and d?
2
Suppose -5*y + 192 = -3*y. Suppose 0 = 4*g - 4*w + 2*w - 44, -w = -2. What is the highest common divisor of g and y?
12
Let k = 2 - 2. Suppose -3*g + 7*g - 20 = 0. Suppose 3 + 52 = 5*o + m, -g*o + 5*m + 25 = k. Calculate the greatest common factor of 50 and o.
10
Suppose 5046 = 13*r + 1315. What is the highest common factor of r and 7?
7
Let a(g) = 33*g. Let t be a(4). Let y be (108/(-3))/(-2 + (-3)/(-6)). Let m = 9 + y. Calculate the highest common factor of t and m.
33
Suppose 2823 = 3*z - 5*t, t - 1412 = -2*z + 457. Calculate the greatest common divisor of 12 and z.
12
Let t be 2818/14 + (-2)/7. Let g = -37 + t. What is the highest common divisor of g and 41?
41
Let n be 2 + 1 - (13 + -26). Let p = -40 - -80. What is the greatest common factor of n and p?
8
Suppose -12*b - 36 = -16*b - 8*y, 2*b = 2*y + 24. Let r = 8 - 11. Let n be 1/r + 67/3. Calculate the highest common factor of b and n.
11
Suppose -252 + 264 = 4*j. Let z = 10 + -10. Suppose 3*p - 5*f = 8, z*f = 4*f + 4. Calculate the greatest common factor of p and j.
1
Suppose -r - 1099 = -5*j, -2*r + 882 = 7*j - 3*j. Let c be (6/(-8))/((-16)/(-576)). Let z be ((-30)/1)/(c/18). What is the highest common divisor of j and z?
20
Let i(m) = 2*m**3 - 7*m**2 + m - 1. Let n be i(4). What is the greatest common factor of n and 323?
19
Let b(a) = -2*a**2 + 42*a - 76. Let j be b(17). Calculate the highest common factor of 108 and j.
12
Let a be (3 + 33 + -9)*1/3. What is the greatest common divisor of 4 and a?
1
Suppose 4*c - 18 = k, -c + 0*k + 3*k + 10 = 0. Let o be (-1)/2*c*-2. What is the greatest common divisor of 20 and o?
4
Suppose 3*i = -13*p + 14*p - 129, -119 = -p + 5*i. What is the greatest common factor of 162 and p?
18
Let f(r) = -r**3 + 4*r**2 + 3*r + 6. Let o be f(5). Let z be 3 + -1 - (-19 + o). Let j = -17 + z. What is the highest common divisor of 2 and j?
2
Let b = 169 + 62. Calculate the highest common divisor of b and 33.
33
Suppose -2 = 2*x, -3*q - 53 = -3*x - 206. Suppose 0 = -4*n + 2*j + q, -j + 35 = 2*n - 0*n. Calculate the highest common factor of n and 3.
3
Let t = -131 + 887. Calculate the greatest common factor of 9 and t.
9
Let j(q) = -8*q - 26. Let s be -18*1*4/6. Let n be j(s). What is the highest common factor of 28 and n?
14
Let q(r) = r**3 - 2*r**2 - 10*r + 6. Let f be q(4). Let n be 5/f*(9/(-3) + -15). Calculate the highest common divisor of n and 180.
45
Suppose 0*r - 24 = -4*r - 4*k, 3*k + 6 = r. Suppose q + 25 = r*q. Let p be (-16)/(-2*q/10). Calculate the greatest common factor of 8 and p.
8
Let s(n) = -2*n - 33. Let t be s(-16). Let q be (t - (-306)/4) + 10/(-20). Calculate the greatest common factor of q and 30.
15
Suppose -18*k + 1820 = 10*k. What is the highest common divisor of 3120 and k?
65
Suppose -13*v = 2*l - 11*v - 2082, -3*v - 1057 = -l. What is the greatest common divisor of 19 and l?
19
Suppose 12 = 4*z + 4. Let x be (0 - 0 - -100)/1. Suppose z*f - 4*f + x = 0. Calculate the highest common divisor of f and 25.
25
Let m be 114/12 + (-2)/((-16)/(-12)). Let g(a) = a**3 + 8*a**2 + a - 2. Let q be g(-6). What is the highest common divisor of q and m?
8
Suppose 3*v = -3*v + 66. Let q(g) = -g**2 - 9*g - 3. Let i be q(-7). What is the highest common divisor of v and i?
11
Suppose 4*p = 2 + 18. Suppose 0 = -p*q + 114 + 31. What is the highest common factor of q and 87?
29
Let t = 10247 - 10182. Let h be (3/(-1))/((-6)/8). Suppose -h*m = -0*m - 3*y - 46, 2*y + 9 = m. What is the greatest common factor of t and m?
13
Let g be (-1533)/(-27) + 6 + (-2)/(-9). Calculate the highest common factor of 36 and g.
9
Suppose 3*j - 325 = -2*j. Suppose 2*r - 52 = -v, -r - 4*v = -2*r + 26. What is the highest common divisor